Let p(u) = -u**3 - 8*u**2 - 6*u - 7. Let l(t) = -4*m(t) - 9*p(t). Let i be (-3)/(6*(-3)/(-24)). What is l(i)?
-5
Let x(f) be the first derivative of -f**2/2 + 3*f + 2. Let q be x(0). Let l = q + -8. Let g(o) = -o - 7. Give g(l).
-2
Let b(o) be the second derivative of -3/2*o**2 - 1/6*o**3 + 4*o + 0 + 1/12*o**4. Give b(4).
9
Let v(h) = -7 + h + 17*h**2 + 12 - 5. Calculate v(-1).
16
Let l = 28 + -28. Let s(k) = -k - 8. Calculate s(l).
-8
Let z = -12 + 18. Let t(b) = -2*b**2 + 9 - 3*b**2 - 2*b**3 + 3*b**3 - 9*b. Give t(z).
-9
Suppose 5*x = 5*t - 25, -2*t + 2 + 12 = -4*x. Let b(k) be the first derivative of 0*k + 0*k**2 - 2 - k**4 - 1/3*k**t. Determine b(1).
-5
Let r be (-4)/(-14) + (-3)/42*46. Let b(t) = -3*t - 3. Give b(r).
6
Suppose -12 = -4*g - u, 0*g - 4*g = -5*u + 12. Let n(l) = l + 9 + g*l - l - 4. What is n(-5)?
-5
Let b(o) = o**2 + 3*o + 3. Let f(s) = -s - 1. Let z(p) = -b(p) - 4*f(p). Calculate z(2).
-1
Let o be 8/(-2)*5/(-20). Let k = o + 3. Suppose -r = -0*r, -4*y = k*r - 8. Let j(c) = -c**3 + 3*c**2 - 2. Give j(y).
2
Let y be (-3)/(2 - (-11)/(-4)). Let h(n) = 8 + y*n - 10*n - 10. Determine h(-2).
10
Let x(b) = b**2 + 3*b - 2. Suppose 0 = 5*k - 2*k, -4*k = -2*c - 16. Let p be c/4*(-2 + 1). Calculate x(p).
8
Let g = -21 + 20. Let t be ((-3 - 1)/(-4))/g. Let c(m) = -10*m**3 - 2*m - 1. Calculate c(t).
11
Let d(p) = 2*p**2 - 2*p + 1. Let w be ((-12)/(-9))/(10/15). Suppose 0 = 3*x - 4*r - 16 - 10, w*x - r = 9. Calculate d(x).
5
Let g(x) = 2*x**3 - 5*x**2 + 2*x. Let d(n) = n**2 + 4*n + 6. Let i be d(-3). What is g(i)?
15
Suppose 2*o - 3*f + 13 = 0, -5*o - f - 7 = 51. Let s = -7 - o. Suppose 3*t + s = 3*y + 19, -t - 2*y - 10 = 0. Let h(x) = x**3 - x**2 - 6. What is h(t)?
-6
Let t(c) = -c**3 + 4*c**2 + 3*c - 2. Let m(w) = -2*w**3 + 4*w**2 + 3*w - 3. Let p(q) = 2*m(q) - 3*t(q). What is p(-2)?
-2
Let p(i) = i**3 - 11*i**2 - i + 6. Let u be p(11). Let g(c) = -c**3 - 6*c**2 - 2*c + 7. Determine g(u).
-8
Let u(a) be the first derivative of -a**4/4 - 5*a**3/3 + 5*a**2/2 - 3*a - 2. Let c be u(-6). Let y(j) = -j**3 + j**2 + 4*j - 3. Give y(c).
-9
Let w(x) = 5*x - 5. Let v(c) = 11*c - 11. Let r(g) = 3*v(g) - 7*w(g). Let i = -9 - -17. Let o be 0 + i + (-2 - 1). Give r(o).
-8
Let u(g) = g**3 - 21*g**2 - 19*g - 65. Let z be u(22). Let v(r) = -3 + 3*r - 3*r**3 - r**2 - 2*r + 2. Calculate v(z).
-4
Let m(b) = b**3 + b**2 - 2*b + 1. Let i be m(1). Let z(k) = 0*k**2 + k**2 + 2*k + k**2 - 1 - i - k**3. Determine z(3).
-5
Suppose 0*t = -2*t + 36. Let s = -13 + t. Suppose 0 = -s*z - 20, x - 5*z - 30 = -x. Let u(h) = -2*h - 2. Give u(x).
-12
Let a(j) = -4*j**3 - 4*j**2 + 3*j + 1. Let y(t) = -3*t**3 - 3*t**2 + 2*t + 1. Let o(n) = -4*a(n) + 5*y(n). Determine o(-3).
-11
Let o = -3 - -8. Suppose -2*l + 52 = -4*a + 2*l, 0 = -2*a - 5*l + 9. Let u(w) = -5*w - 3. Let b(x) = -3*x - 2. Let t(f) = a*b(f) + o*u(f). Determine t(-1).
2
Let n(g) = -6*g + 3. Let s(w) = -7*w + 2. Let i(h) = 2*n(h) - 3*s(h). What is i(-1)?
-9
Let w be -46*((-6)/4 - -1). Suppose w = 4*t + 5*u, 9 = 4*t + 2*u - 5. Let o(r) = -r**3 + 3*r**2 - 3*r + 3. What is o(t)?
1
Suppose a + 1 - 3 = 0. Let g be a/(-4)*14 - -2. Let n(x) = -5*x**2 - 9*x + 1. Let s(u) = 4*u**2 + 8*u. Let v(z) = 3*n(z) + 4*s(z). Give v(g).
3
Let h(i) = i**2 - 9*i + 17 - 5 + 0*i. Let v be h(8). Let q(b) = -2*b + 3*b**2 - 4*b - b**2. Determine q(v).
8
Let p = -5 + 10. Let s(r) = r. Let h(d) = 1. Let y(g) = h(g) - s(g). Determine y(p).
-4
Let q = 2 - 0. Let t(z) = -z + z**3 + 4*z**2 - 6*z**2 - 4*z**q + 2. Let a(y) = -4*y - 14. Let h be a(-5). Calculate t(h).
-4
Let d be 1 + 6 + (-4)/2. Suppose 3 = d*f + 23. Let k(v) = v**3 + 5*v**2 + 5*v + 3. Determine k(f).
-1
Let d be ((-2)/(-3))/(1/3). Suppose -2 = 3*s - 2*g - 26, -4*s + 32 = d*g. Let t be s + -1 + 4/(-2). Let k(i) = -2*i + 3. Calculate k(t).
-7
Suppose -4*j - y + 66 = 2*y, 3*j - 4*y - 37 = 0. Let m = 18 - j. Let a(l) = -l - 1. Determine a(m).
-4
Let d(k) be the first derivative of k**2/2 + 7*k - 18. Calculate d(7).
14
Let i(t) be the first derivative of t**4/4 + 4*t**3/3 + 2*t**2 + t - 1. Let b = -12 + 9. Calculate i(b).
-2
Let y(i) be the second derivative of -i**3/6 + 2*i**2 - i. Suppose -2 = -2*t + t. Suppose 3 = t*h - 7. What is y(h)?
-1
Let n(v) = -v - 5. Let y = -18 + 17. Let p = -5 - y. Determine n(p).
-1
Let d(j) = -j + 7. Let w(u) = -u + 8. Let n be w(0). Calculate d(n).
-1
Let s(r) = -r**3 - 15*r**2 + 17*r + 22. Let f be s(-16). Let n(b) = b + 3 - 5 - f - 2. Give n(8).
-2
Let o(n) be the third derivative of -n**4/12 + n**3/3 + 12*n**2. Suppose -4*k = -3*k. Let j = k + 3. Calculate o(j).
-4
Let s be -30 - -25 - 6/(-2). Let c(v) = v**3 + 4*v**2 - v - 1. What is c(s)?
9
Let w be (-12)/9*(-3 + 6). Let x(d) = d**3 + d - 1. Let v(m) = 5*m**3 + 5*m**2 + 10*m - 4. Let b(l) = -v(l) + 4*x(l). Determine b(w).
8
Let t(r) = r**3 + 2*r**2 + 3*r. Let i be (-6)/15 + 22/5. Let p(m) = m**2 - 4*m + 6. Let d be p(i). Let l be (3/d)/((-1)/4). Determine t(l).
-6
Let v(n) = -n + 3. Let k be v(-3). Let s(l) = l**3 - 7*l**2 + 5*l - 8. Give s(k).
-14
Let b(a) = 6*a + 62. Let f be b(-11). Let l(x) = x + 1. Calculate l(f).
-3
Let d(y) = y**3 - y**2 - 3*y - 4. Let t(z) = z**2 - 7*z + 9. Let v be t(6). Determine d(v).
5
Let g(c) be the second derivative of 3*c**5/20 + c**4/6 + c**3/3 + c**2/2 - 35*c. Determine g(-1).
-2
Let y be ((-13)/(-3) + -4)*36. Let h = -18 + y. Let z(d) = -d**3 - 5*d**2 + 6*d - 6. What is z(h)?
-6
Suppose -5*i + o + 5 = 0, 2*i = 6*o - 2*o + 2. Let t be 4 - 2 - (3 - i). Let p(y) = y - 2. Give p(t).
-2
Suppose -8 = 7*u - 9*u. Let k(a) = -a**2 + 5*a - 2. Determine k(u).
2
Let f(u) = 2*u + 0*u + 2 - 5*u. Let s be 1/((-2)/(36/(-3))). Suppose s = 5*h - 2*h. Calculate f(h).
-4
Suppose 4*u + 26 = 5*p, 5*p - 3*u - 2*u = 30. Let o(g) be the second derivative of 0 - g**p - 1/6*g**4 + 1/20*g**5 + 2*g + 1/2*g**3. Calculate o(2).
4
Let x(l) = l**2 - l - 1. Let c(i) = -5*i**2 + 11*i + 5. Let t(v) = c(v) + 6*x(v). Let d be (6/4)/(8/16). Suppose -f + d*f + 6 = 0. Determine t(f).
-7
Suppose -4*n - 152 = -3*p, -p = n - 6*n - 201. Let b = -25 - n. Suppose -3*y - b = -m, 0 = -0*y + y - m + 8. Let g(f) = f**2 + 3*f. Calculate g(y).
4
Let s = 1 + -9. Let x(t) = -t**3 - 8*t**2 + t + 7. Calculate x(s).
-1
Let a be (-121)/(-33) - 2/3. Let n(k) = -k - 3. Determine n(a).
-6
Let y(x) = 16 - 8 - 4*x + 2*x - 11. Determine y(-5).
7
Suppose 0 = 4*g - 0*g - 20. Let l(c) = -g*c + 11*c - c - c**2 + 1. Determine l(4).
5
Let t(z) = -13*z**2 - 19*z - 9. Let b(l) = -3*l**2 - 5*l - 2. Let a(u) = -9*b(u) + 2*t(u). Calculate a(-5).
-10
Let w(z) = z + 3. Let h be w(-3). Let a(g) be the first derivative of -7*g + 10 + 1/3*g**3 + 0*g**2. Determine a(h).
-7
Let h be 2/(-2) + (-2 - -8). Suppose -l - 8 = -h*m, l - 2*m - 4 = -3*l. Let u(p) = 2*p - 4*p + 1 - 2*p**l - p**2. Calculate u(1).
-4
Let w = -104 + 2497/24. Let t(v) be the third derivative of 0*v**3 + v**2 + 0*v + 0 + w*v**4 + 1/15*v**5. Determine t(-1).
3
Let p(x) = -2*x**3 - 3*x**2 - 3*x - 2. Suppose 4*g - 17 + 1 = 0. Suppose 0*m - g*m - 12 = -u, -u = -2*m - 8. What is p(m)?
8
Let n(l) be the second derivative of l**4/12 - l**3/6 + 2*l**2 - 4*l. Calculate n(0).
4
Let r be 13/2*(0 + 2). Suppose -4*l - 5 = 7, 4*f - r = -l. Let y(c) = -2*c + 6. Give y(f).
-2
Let q(k) = -5*k - 2 - 5*k + 9*k - 2*k - k**2. Give q(-5).
-12
Let m(n) be the first derivative of -n**2/2 + 7*n - 7. Calculate m(8).
-1
Let w(f) be the first derivative of 1/12*f**4 + 4 + 3/2*f**2 - 5/6*f**3 + 4*f. Let t(i) be the first derivative of w(i). What is t(6)?
9
Let h(z) = z**2 - z. Let t(j) be the second derivative of -2*j - 1/12*j**4 - 1/2*j**2 + 0 - 1/20*j**5 + 1/3*j**3. Let q be t(-2). Give h(q).
2
Let m(y) = -2*y + 0*y + 6 + y - y**2. Suppose 2*d - 4*d - 3*c = -2, 0 = -d + 2*c + 8. Suppose 0 = d*x - x. Determine m(x).
6
Let z(d) = d + 6. Let g(u) = -u**2 - u + 9. Let x be g(0). Let b be (-4)/(-18) - (-25)/x. Suppose -5*m - 16 = -2*l + 17, -b*m - 23 = -2*l. What is z(m)?
1
Suppose -4 = -3*i + i. Let w(m) = -m + i*m - 4*m + 4*m. Determine w(6).
6
Let i(h) = -h + 2. Let g(q) = -7*q + 8. Let p(m) = -g(m) + 6*i(m). What is p(0)?
4
Let h(q) = 17*q - 1 + 4*q**2 - 62*q + 27*q + 22*q + q**3. Determine h(-3).
-4
Let i(z) = -3*z**3 + 10*z**2 + 6*z + 8. Let d(n) = -7*n**3 + 21*n**2 + 13*n + 17. Let s(v) = -4*d(v)